t is the units digit of f?
3
Let c = 38 + -15. Let u = c + -15. Let y = u - -1. What is the units digit of y?
9
Suppose 8 = 4*b - 3*b - 3*t, 5*b - 3*t = 16. Let k(r) = -5*r - r - 10*r - b*r. What is the tens digit of k(-1)?
1
Suppose -359 = -3*z - 101. What is the tens digit of z?
8
Suppose -2*t - 5*p + 5 = 0, p + 3*p + 12 = 0. Suppose -t = -2*o + w, -4*o + 2*w + 8 = 3*w. Suppose -o*j = -9, 2*a + 6 = a + 4*j. What is the units digit of a?
6
Let p(u) = -u**3 - u**2 + 6*u + 4. Let i be p(-4). Let t = -10 + i. What is the units digit of t?
8
Let f = -43 - -77. What is the units digit of f?
4
What is the tens digit of 0/(-2) - 2*-23?
4
Suppose 4*a - 9 = -3*k, 4*a - 9 - 6 = -5*k. Suppose -k*v + 4*f - 86 = -6*v, 0 = 3*v + f - 80. Let m = v + -18. What is the units digit of m?
8
Let a = 24 - -28. Suppose -y = -3*y + a. What is the units digit of y?
6
Suppose g = 4*g + j - 37, 3*g - 4*j - 62 = 0. Suppose k + y - 1 + 2 = 0, -2*k - 5*y = g. What is the units digit of k?
3
Suppose 3*g - g - 4*a - 248 = 0, g = -a + 109. What is the units digit of g?
4
Suppose 0*f + 4*f - 7 = -y, -4*y - 32 = -4*f. Let t(a) = -3*a**2 - a. Let s be t(-1). What is the units digit of f*(s - 0 - -3)?
3
Suppose -p = -2*p + 4. Let f(l) = 4*l**2 + l - p*l + l**3 - l + 6. What is the units digit of f(-5)?
1
Let l = 31 + -12. What is the tens digit of l?
1
Let v(w) = -12*w + 5. Let z(b) = -1. Let t(u) = v(u) + 4*z(u). Let f be t(-1). Let l = f - 6. What is the units digit of l?
7
Suppose v - 2*j = 3*v - 488, 0 = -4*j - 16. What is the units digit of v?
8
Suppose -12*r - 1200 = -18*r. What is the hundreds digit of r?
2
Suppose -7*w = -8*w + 16. What is the tens digit of w?
1
Let i = -3 + 7. Suppose 18 = -z - i*c, 2*c = 5*z + 28 - 4. Let b(h) = h**3 + 5*h**2 - 8*h + 2. What is the tens digit of b(z)?
1
Let c be (3/2)/((-12)/(-16)). Suppose -7*l = -c*l - 135. What is the tens digit of l?
2
Let f be 12/10*(-15)/(-6). Suppose 0 = 8*k - 5*k - 15. Let w = k - f. What is the units digit of w?
2
Let w(r) = -2*r + 2. Let g be w(4). Let x be (-3)/1*(-22)/g. Let v = 20 + x. What is the units digit of v?
9
Let r(q) = q. Suppose 5*s = -0*s. Suppose s*h = -h + 5. What is the units digit of r(h)?
5
Let l(n) = -n**2 + 8*n - 4. Suppose 3*y = -14 - 28. Let h = -7 - y. What is the units digit of l(h)?
3
Let p = 54 + -26. What is the units digit of p?
8
Let v(p) = -p**3 + 5*p**2 + 10*p - 8. Suppose -48 = -3*l - 5*k, -2*k - 3 = 3. Let q = -15 + l. What is the tens digit of v(q)?
1
Suppose 0 = -3*c - h - 0*h + 18, c - 2*h + 1 = 0. What is the units digit of c?
5
Suppose -5*h - 23 - 12 = 0. Let o(s) = -s - 5. Let q be o(h). Suppose -x = -0 - q. What is the units digit of x?
2
Let n(z) = -2*z**2 - 32*z - 23. What is the units digit of n(-13)?
5
Suppose 3*b - 55 = 2. What is the tens digit of b?
1
Suppose 0*c = -5*c - 15. What is the tens digit of (175/(-20))/(c/12)?
3
Suppose 0*a - 4*a = 2*z + 8, 3*z + 5*a = -17. Let o = z - -17. What is the units digit of o?
3
What is the tens digit of (20/(-12) + 2)/(2/366)?
6
Let f(j) = -j**3 + 7*j**2 + 3*j + 16. What is the tens digit of f(7)?
3
Suppose -5*d + 10 = v + 4*v, 0 = -v - 3*d - 2. Suppose -v = -3*s + 2*s. What is the units digit of s?
4
Let w(t) = -t**3 - 7*t**2 - 2*t - 6. What is the tens digit of w(-8)?
7
What is the tens digit of (-789)/(-15) - (-2)/5?
5
Suppose -3*z + 10 = 4*i - 2*z, 0 = 3*i - 4*z - 17. What is the units digit of i/1 - 111/(-3)?
0
Let j(m) = m**2 + 5*m + 2. Let l be j(-5). What is the units digit of 24*(l/4 - 0)?
2
Let m(k) = 2*k + 5. Let d be m(0). Suppose -u + 61 = -0*u - 4*i, 4*u - 200 = d*i. What is the tens digit of u?
4
Let x(k) = -5*k - 3. What is the units digit of x(-4)?
7
Let b(p) = p**3 - 3*p**2 - 3*p - 2. Let a be b(4). Suppose r - 1 = -3*q + 7, -3*q + 16 = 5*r. Suppose a*l - q - 6 = 0. What is the units digit of l?
4
Suppose 5 = s + 2. Suppose 16 + 5 = s*r. What is the units digit of r?
7
Let x be (6 - 0)*12/24. What is the units digit of x/(-5) - 312/(-20)?
5
Let r(m) = m**2 + 1. Let i be (12/10)/(2/10). Let h(k) = -5*k**2 - 6. Let v(g) = i*r(g) + h(g). What is the units digit of v(3)?
9
Let p(u) = -3*u + 9. Let q(b) = 3*b - 10. Let g(f) = -4*p(f) - 3*q(f). Let l be 1 - (-1)/((-1)/(-4)). What is the units digit of g(l)?
9
Suppose 0 = s + 5*j + 15, -j - 15 = 4*j. Suppose -4*i - 27 + 3 = s. What is the units digit of 3/i*(-26)/1?
3
Let v = 17 - 10. Suppose c - 13 = v. What is the tens digit of c?
2
Let y = 0 - -9. What is the units digit of y?
9
Let q(h) = h**3 - 6*h**2 + 6*h. Let b be q(5). Suppose 34 + 32 = 5*a - 4*c, 4*a - 61 = -b*c. What is the tens digit of a?
1
Suppose -30 = 2*c + 2*r + 28, c + 26 = 2*r. Let l = c + 40. What is the units digit of l?
2
Let w = -7 - -7. Suppose -4*x + 92 = -w*x. What is the tens digit of x?
2
Suppose r + 9*z - 112 = 4*z, -116 = -r - 3*z. What is the units digit of r?
2
What is the tens digit of 107/3 + 2/(-3)?
3
Suppose -3*d - 1 = 5. Let v be 7*d*2/(-4). Suppose 1 = 5*c - n - v, 5*n + 12 = -3*c. What is the units digit of c?
1
Suppose 0 = 2*g - 37 - 61. Suppose -g = -4*a - 1. What is the tens digit of a?
1
Suppose 2*b + 10 = 4*b. Suppose -b*v + 12 + 3 = 0. Suppose 2*k + 9 = v*k - 5*y, -3*y = 5*k - 45. What is the units digit of k?
9
Let u = 16 - 4. What is the units digit of u?
2
Let w(o) = 5*o - 3 + 3*o - 11*o. What is the units digit of w(-2)?
3
Let s = -3 - -5. Let t(c) = 3*c**3 - 4*c**2 + c + 2. What is the tens digit of t(s)?
1
Let o = -2 - -1. What is the units digit of -3 + (1 + o - -4)?
1
Suppose 4*t + 2 = w - 0*t, -4*w - 5*t = -50. Suppose 14 = 4*q - w. What is the units digit of q?
6
Let k(r) be the third derivative of r**4/24 - r**3/2 + 2*r**2. What is the units digit of k(5)?
2
Suppose -3 = -2*w + 7. Suppose -w*t - 26 = 4. What is the units digit of (-16)/t*(7 - 4)?
8
Let i = 5 + 9. What is the tens digit of i?
1
What is the tens digit of 18 + (8*-1)/(-4)?
2
Let j(q) = 3*q - 1. Let m be 10*(-3)/(-6) - -2. What is the tens digit of j(m)?
2
Let r = -15 - -26. Let n = r + -8. Let s = n + -2. What is the units digit of s?
1
Suppose 3*h = -h - 40. Let f = h - -22. What is the units digit of f?
2
Let b = -3 + 4. Suppose -h = -s - 9, 3*s - b - 5 = 0. Suppose l - 2*r - h = 0, -2*r = l + 3*r + 17. What is the units digit of l?
3
Let m(i) = i**2 - 1. Let r be m(2). Suppose 90 = r*s - 0*s. What is the tens digit of s?
3
Suppose -20 = -5*f + 70. What is the units digit of f?
8
Let u(i) = i**3 - 4*i**2 - 5*i + 9. Let q = -8 - -14. Let h be u(q). Suppose b - 2*k - 21 = k, -3*b = -5*k - h. What is the units digit of b?
2
Let c(i) = i**2 + i**3 + 5*i**2 + 2*i + 5 + 3*i. Let b(r) = -r**3 + 9*r**2 - 8*r - 5. Let n be b(8). What is the units digit of c(n)?
5
Let w(i) = -i - 3. Let v(l) = 1. Let n(o) = -5*v(o) - 3*w(o). What is the units digit of n(4)?
6
Suppose 4*r + 3*k - 1012 = -0*k, r - 5*k = 276. What is the tens digit of r?
5
Let u(b) = b**2 - 2*b - 66. Let t be u(0). Let n = -46 - t. What is the tens digit of n?
2
Let d(h) = 3*h**2 + 4*h + 2. Suppose x - 2 = 4*u + 11, -u + 8 = 2*x. What is the units digit of d(u)?
6
Suppose -6*g + 2*g = 5*q - 92, 3*g + 23 = 2*q. What is the units digit of 60/q - (-2)/8?
4
Suppose -3*z + 2 = -4*z, -y - 4*z = 11. Let l = 5 + y. Suppose -5*j = -3 - l. What is the units digit of j?
1
Suppose 908 = 4*u + 4*g, -6*g = 2*u - 7*g - 460. What is the tens digit of u?
2
Let c = 84 - 45. Suppose 4*p = -3*o + 45, -2*o - c = -0*p - 5*p. What is the units digit of p?
9
Suppose 5*i + 3*k - 5*k = 0, 0 = 5*i - 5*k. Suppose -28 = -3*y + p, -y + 5*p + 8 + 20 = i. Suppose -y = -4*g - 0*g. What is the units digit of g?
2
Let n(v) = v**3 - 6*v**2 - 2*v + 3. Let y be n(8). Suppose -4*k - k + y = 0. What is the units digit of k?
3
Suppose 0 = -s - l - 9 - 0, 2 = -2*l. Let t = s - -13. What is the units digit of t?
5
Let b(n) = 3*n**2 - 5*n + 10. What is the tens digit of b(5)?
6
Suppose -2*x = 4*s - 2, -4*x - 2*s + 3 + 13 = 0. Let c(l) = l + 1. Let g be c(x). What is the units digit of (g/3 + -1)*2?
2
Let n = -9 - -15. What is the units digit of n/(3*1/2)?
4
Let w = -8 - -8. Suppose -c - 2 - 1 = 0, w = -d + 2*c + 13. What is the units digit of d?
7
Let b = 6 - 1. Suppose 4*k + 0*h = -3*h + 67, -2*k = -b*h - 27. Suppose -k = -q - 3. What is the units digit of q?
3
Let v = -1 - 1